t of 7604?
6
What is the thousands digit of 1312?
1
What is the hundreds digit of 790?
7
What is the units digit of 18504?
4
What is the hundreds digit of 32396?
3
What is the thousands digit of 59534?
9
What is the hundreds digit of 60043?
0
What is the units digit of 34234?
4
What is the thousands digit of 6914?
6
What is the units digit of 2333?
3
What is the tens digit of 13687?
8
What is the hundreds digit of 348?
3
What is the thousands digit of 1532?
1
What is the hundreds digit of 60685?
6
What is the thousands digit of 6080?
6
What is the thousands digit of 9197?
9
What is the tens digit of 66337?
3
What is the tens digit of 90913?
1
What is the tens digit of 1688?
8
What is the thousands digit of 2416?
2
What is the hundreds digit of 3684?
6
What is the hundreds digit of 407?
4
What is the hundreds digit of 688?
6
What is the units digit of 815?
5
What is the thousands digit of 4848?
4
What is the tens digit of 25442?
4
What is the hundreds digit of 352?
3
What is the ten thousands digit of 15395?
1
What is the thousands digit of 4868?
4
What is the units digit of 50344?
4
What is the units digit of 22313?
3
What is the hundreds digit of 4841?
8
What is the tens digit of 2232?
3
What is the hundreds digit of 14200?
2
What is the ten thousands digit of 18308?
1
What is the ten thousands digit of 67102?
6
What is the thousands digit of 2153?
2
What is the ten thousands digit of 42059?
4
What is the ten thousands digit of 16175?
1
What is the hundreds digit of 19845?
8
What is the thousands digit of 16006?
6
What is the units digit of 1582?
2
What is the units digit of 8109?
9
What is the hundreds digit of 9418?
4
What is the tens digit of 126?
2
What is the thousands digit of 2932?
2
What is the thousands digit of 4728?
4
What is the hundreds digit of 3074?
0
What is the units digit of 53?
3
What is the tens digit of 4135?
3
What is the hundreds digit of 848?
8
What is the hundred thousands digit of 158820?
1
What is the units digit of 5084?
4
What is the units digit of 26077?
7
What is the thousands digit of 8844?
8
What is the ten thousands digit of 95204?
9
What is the units digit of 1004?
4
What is the hundreds digit of 4179?
1
What is the tens digit of 96?
9
What is the hundreds digit of 43752?
7
What is the thousands digit of 7779?
7
What is the tens digit of 2715?
1
What is the tens digit of 903?
0
What is the ten thousands digit of 121872?
2
What is the hundreds digit of 5655?
6
What is the hundreds digit of 2254?
2
What is the ten thousands digit of 24271?
2
What is the tens digit of 637?
3
What is the tens digit of 138?
3
What is the thousands digit of 25956?
5
What is the hundreds digit of 2004?
0
What is the thousands digit of 2592?
2
What is the hundreds digit of 38580?
5
What is the units digit of 29753?
3
What is the tens digit of 633?
3
What is the hundreds digit of 1117?
1
What is the thousands digit of 5135?
5
What is the units digit of 1707?
7
What is the hundreds digit of 15466?
4
What is the units digit of 16315?
5
What is the units digit of 1105?
5
What is the units digit of 144?
4
What is the hundreds digit of 2086?
0
What is the thousands digit of 1525?
1
What is the thousands digit of 36979?
6
What is the tens digit of 1637?
3
What is the thousands digit of 32943?
2
What is the units digit of 33808?
8
What is the thousands digit of 14160?
4
What is the thousands digit of 6652?
6
What is the units digit of 94921?
1
What is the units digit of 34042?
2
What is the thousands digit of 31171?
1
What is the hundreds digit of 20175?
1
What is the units digit of 930?
0
What is the hundreds digit of 3016?
0
What is the tens digit of 3121?
2
What is the hundreds digit of 60800?
8
What is the thousands digit of 42579?
2
What is the hundreds digit of 691?
6
What is the units digit of 1195?
5
What is the hundreds digit of 6849?
8
What is the tens digit of 2060?
6
What is the thousands digit of 41620?
1
What is the units digit of 2014?
4
What is the hundreds digit of 20292?
2
What is the tens digit of 162?
6
What is the hundreds digit of 37149?
1
What is the tens digit of 48715?
1
What is the tens digit of 485?
8
What is the units digit of 1824?
4
What is the units digit of 150?
0
What is the thousands digit of 44386?
4
What is the units digit of 11455?
5
What is the ten thousands digit of 79856?
7
What is the hundreds digit of 602?
6
What is the thousands digit of 14662?
4
What is the hundreds digit of 7733?
7
What is the hundreds digit of 29768?
7
What is the thousands digit of 24657?
4
What is the units digit of 1898?
8
What is the hundreds digit of 24417?
4
What is the hundreds digit of 164?
1
What is the thousands digit of 49185?
9
What is the units digit of 1283?
3
What is the thousands digit of 18019?
8
What is the thousands digit of 1394?
1
What is the tens digit of 3807?
0
What is the units digit of 20211?
1
What is the tens digit of 1625?
2
What is the tens digit of 35651?
5
What is the tens digit of 2988?
8
What is the thousands digit of 83719?
3
What is the hundreds digit of 111759?
7
What is the tens digit of 6646?
4
What is the thousands digit of 28421?
8
What is the tens digit of 18489?
8
What is the tens digit of 13918?
1
What is the units digit of 30995?
5
What is the tens digit of 1427?
2
What is the hundreds digit of 701?
7
What is the ten thousands digit of 28511?
2
What is the units digit of 13408?
8
What is the tens digit of 158481?
8
What is the hundreds digit of 9385?
3
What is the units digit of 2416?
6
What is the tens digit of 2560?
6
What is the hundreds digit of 4577?
5
What is the hundreds digit of 1746?
7
What is the units digit of 17774?
4
What is the units digit of 15763?
3
What is the thousands digit of 3587?
3
What is the hundreds digit of 51379?
3
What is the hundreds digit of 593?
5
What is the tens digit of 993?
9
What is the tens digit of 3129?
2
What is the tens digit of 57022?
2
What is the thousands digit of 18855?
8
What is the tens digit of 6311?
1
What is the tens digit of 2134?
3
What is the tens digit of 206?
0
What is the thousands digit of 23718?
3
What is the thousands digit of 89914?
9
What is the thousands digit of 12910?
2
What is the ten thousands digit of 26079?
2
What is the hundreds digit of 6472?
4
What is the units digit of 54622?
2
What is the thousands digit of 2914?
2
What is the units digit of 12636?
6
What is the hundreds digit of 467?
4
What is the units digit of 1819?
9
What is the tens digit of 4857?
5
What is the thousands digit of 1751?
1
What is the thousands digit of 1348?
1
What is the tens digit of 2725?
2
What is the thousands digit of 2107?
2
What is the hundreds digit of 1612?
6
What is the tens digit of 47675?
7
What is the hundreds digit of 2484?
4
What is the tens digit of 364?
6
What is the units digit of 678?
8
What is the units digit of 8570?
0
What is the hundreds digit of 3304?
3
What is the units digit of 4446?
6
What is the units digit of 2715?
5
What is the hundreds digit of 1507?
5
What is the hundreds digit of 2484?
4
What is the units digit of 2412?
2
What is the ten thousands digit of 25526?
2
What is the tens digit of 17958?
5
What is the hundreds digit of 683?
6
What is the thousands digit of 3610?
3
What is the tens digit of 3262?
6
What is the hundreds digit of 1671?
6
What is the tens digit of 1461?
6
What is the hundreds digit of 356?
3
What is the units digit of 4558?
8
What is the thousands digit of 8656?
8
What is the hundreds digit of 22128?
1
What is the tens digit of 4628?
2
What is the units digit of 7700?
0
What is the hundreds digit of 14255?
2
What is the units digit of 2306?
6
What is the tens digit of 1144?
4
What is the tens digit of 953?
5
What is the tens digit of 255?
5
What is the hundreds digit of 5123?
1
What is the hundreds digit of 54649?
6
What is the units digit of 2977?
7
What is the tens digit of 162943?
4
What is the units digit of 1364?
4
What is the thousands digit of 2000?
2
What is the hundreds digit of 6803?
8
What is the tens digit of 10033?
3
What is the thousands digit of 4036?
4
What is the tens digit of 1016?
1
What is the units digit of 34532?
2
What is the ten thousands digit of 15327?
1
What is the thousands digit of 18162?
8
What is the tens digit of 701?
0
What is the hundreds digit of